x + z*r = 34. What is the tens digit of x?
2
Let l be 8/(-20) - (-417)/5. Suppose -5*d + 22 = -l. Let a = -1 + d. What is the tens digit of a?
2
Suppose -6384 = -12*v + 1728. What is the tens digit of v?
7
Let a(q) = 16*q**2 - 6*q - 33. What is the hundreds digit of a(-6)?
5
Let r(c) = c**2 + 9*c + 13. Let d be r(-8). Suppose 278 = -d*f - 287. Let l = f + 177. What is the units digit of l?
4
Let i(y) = -4*y - 69. Let c be i(0). What is the tens digit of (-2)/(-4)*-2 - c?
6
Suppose y + 198 = 3*o, 3*o = -2*o + 3*y + 326. Suppose -5*f = 4*w - o, -31 = -0*f - 2*f - 3*w. What is the tens digit of (6 - f)/(3/(-6))?
1
Suppose -15185 = -20*p + 19075. What is the tens digit of p?
1
Let n(x) = 16*x**3 + 5*x**2 - 4*x + 5. What is the tens digit of n(3)?
7
Let s(q) = -q - 13. Let m be s(-16). Suppose 0 = m*u - 6 - 6. What is the units digit of u?
4
Let g be (-50)/(-6) - (-12)/(-9). Suppose 0 = -3*k - 16 - 2. Let j = g - k. What is the tens digit of j?
1
Let c = 132 - 107. Suppose -c*h - 840 = -32*h. What is the tens digit of h?
2
Let z = 131 - 89. Let u = 84 + z. What is the hundreds digit of u?
1
Suppose -32*d = -27*d - 3915. What is the hundreds digit of d?
7
Let c = -19 + 39. Suppose -4 + 2 = -2*r. Let l = c + r. What is the tens digit of l?
2
What is the hundreds digit of (-6)/18 - ((-1695)/9 - 0)?
1
Suppose -7*v - 1884 = -3*v. Let j be (-2)/5 + v/(-15). Let c = 50 - j. What is the tens digit of c?
1
Let u be 259/35 - 4/10. Suppose 0 = 9*o - u*o - 20. What is the tens digit of o?
1
Let b = 23 + -17. Suppose -9*a + 111 = -b*a. What is the tens digit of a?
3
Let f(h) = -3*h**3 - h. Let i be f(1). Let m be i/(-10) + (-143)/(-5). What is the units digit of 1*-3 - (0 - m)?
6
Suppose 0 = 34*z - 39*z + 3*u + 4930, 5*z - 2*u = 4935. What is the hundreds digit of z?
9
What is the tens digit of (-37876)/(-6) - (-7)/3?
1
Suppose 0 = -19*p + 24*p - 295. Suppose -w + p = 12*k - 9*k, 271 = 4*w + 5*k. What is the tens digit of w?
7
Let s be (-4*34)/(2 - 4). Suppose -s = -2*r + 46. What is the units digit of r?
7
Let p be (1140/(-25))/((-1)/10). Suppose 0 = f - p - 68. What is the units digit of (-2)/(-8) - f/(-16)?
3
Let x be (-6)/(-4)*2 - -2. Let m be -1 + (-26)/(-22) + (-291)/(-33). Suppose -t = w - 6, w + w = -x*t + m. What is the units digit of w?
7
Suppose 0 = h - 7 + 3. Suppose 22 + 114 = h*o. Suppose 0*u = -4*u - 5*f + 31, -4*u = 2*f - o. What is the units digit of u?
9
Let h = 135 - 130. Suppose 0*m - 206 = -r + 4*m, 5*m = h*r - 985. What is the units digit of r?
4
Let b(w) = -84*w**2 + 44*w**2 + 7*w + 41*w**2 + 24. What is the tens digit of b(11)?
2
What is the thousands digit of (28655/22)/(4/8)?
2
Suppose t + 375 = 3*r - 0*t, -4*r - 2*t = -490. Let j = r + -5. What is the units digit of j?
9
Suppose 2*u = 4*u - 10. Suppose u - 14 = -3*i. Suppose i*h - 2*l + 6*l - 13 = 0, -l = 5. What is the units digit of h?
1
What is the hundreds digit of (139809/261)/(2/12)?
2
Suppose 4*u - 16 - 12 = 0. Let w = 67 - u. Suppose 3*d = 3*y + w, y - 2*y + 5 = 0. What is the units digit of d?
5
What is the tens digit of (26/(-91)*-12229)/1?
9
Let j be 1536/(-18)*(0 + -3)*1. Let r = j - 103. What is the hundreds digit of r?
1
Suppose -2*j - 4*z + 12 = -542, 0 = -4*j + 4*z + 1168. What is the hundreds digit of j?
2
Let g = -4052 - -6214. What is the thousands digit of g?
2
Suppose 1950 = 99*p - 94*p. What is the hundreds digit of p?
3
Let r = 59 - 45. Suppose 190 = r*h - 13*h. What is the hundreds digit of h?
1
Let o = 28 - 9. Suppose 4*k - o = -7. What is the units digit of k?
3
Let r(l) = -8*l + 170. Let o be r(0). Suppose 3*w = 4*i + 115, -4*w + 4*i - 2*i = -o. What is the tens digit of w?
4
Let h(c) = -9*c**2 + 3*c. Let m be h(3). What is the units digit of -4 + (4 - m)/4?
5
Let y = 30 - 31. What is the units digit of 94*((-9)/(-6) + y)?
7
Suppose -10*f = -8*f - n - 2272, -n = -4*f + 4542. What is the tens digit of f?
3
Suppose -5*s - 18 = -3*b, 2*b + 0 = -5*s + 12. Suppose -3*v + 9 = -b. What is the units digit of v?
5
Suppose 14 = 13*h + h. Let i(x) = 9*x**3 + x - 2. What is the units digit of i(h)?
8
Let i(r) = -r**3 + 9*r**2 + 10*r + 5. Let q be ((-2)/8)/(5/(-40)). Let t be (q + 3)*(0 - -2). What is the units digit of i(t)?
5
Let a be (-24)/(-8) - 5/1. Let w(q) = 7*q - 7. Let i(g) = -6*g + 6. Let x(c) = 5*i(c) + 4*w(c). What is the units digit of x(a)?
6
Let s = -47 + 49. Suppose 8 + 66 = s*g. What is the tens digit of g?
3
Suppose 6*c = r + 3*c - 33, 4*c = 4*r - 124. Suppose 6*o + 25 = 37. What is the units digit of ((-8)/(-20))/(o/r)?
6
Let d(s) = -s**2 + s. Let q(f) = 15*f**2 - 2*f + 3. Let z(p) = 4*d(p) + q(p). What is the units digit of z(-3)?
6
Let w = 381 + 294. What is the units digit of w?
5
Suppose 32*u - 27*u - 45 = 0. Suppose 8*m - u*m + 42 = 0. What is the tens digit of m?
4
Suppose 3*o = 4*y - 29, 0*y = -2*y + 3*o + 19. Suppose -4*i + y*i - 3 = 0. Suppose -v + 19 = l, 3*v + 14 + 25 = i*l. What is the units digit of l?
6
Let t(y) = 247*y**2 - y - 2. What is the tens digit of t(2)?
8
Let x = -3 + 10. Let s(j) = -4 - j - 2 + x + 14. What is the units digit of s(14)?
1
Suppose -13*c + 36396 = 23*c. What is the units digit of c?
1
Suppose 2*g - 6*g = 2*u + 56, -122 = 4*u - 2*g. What is the units digit of 1/(-6) + (-185)/u?
6
Suppose 0*v = 3*v + 72. Let c = 8 + v. What is the tens digit of ((-27)/6)/(6/c)?
1
Let v be (-3)/(-2)*(18 - 12). Suppose 7*j - v = 4*j. Suppose 5*m + j*c - 207 = 0, -2*m - c = -6*c - 58. What is the units digit of m?
9
Let i(l) = -1172*l + 28. What is the hundreds digit of i(-3)?
5
Let m(w) = 44*w - 127. What is the hundreds digit of m(20)?
7
Let z(a) = -a**3 + 10*a**2 + 12*a - 12. Let o be z(11). What is the units digit of 3 + o*22/(-2)?
4
Let y(k) = -43*k - 41. Let t be y(-13). Suppose t = 8*i - 26. What is the units digit of i?
8
Let p(o) = -o**2 + 11*o + 16. Suppose -2*k = -1 - 3. Let x(y) = 2*y**2 - 22*y - 33. Let f(h) = k*x(h) + 5*p(h). What is the tens digit of f(11)?
1
Let o = -408 - -495. What is the units digit of o?
7
Suppose 4*u = 4*g + 8*u - 9036, -5*g = -2*u - 11323. What is the units digit of g?
3
Let y = 2064 - 475. What is the thousands digit of y?
1
Let f(t) = 38*t**2 + 7*t - 7. What is the hundreds digit of f(4)?
6
Let l = 931 - 446. What is the hundreds digit of l?
4
Let g(p) = 4*p**2 - 2*p - 1. Let h be g(2). Let n be 371/77 + 2/h. Suppose 8*v - 42 = n*v. What is the units digit of v?
4
Suppose 3*q - 3103 = -g, 5*g + 3079 = 21*q - 18*q. What is the thousands digit of q?
1
Let b(h) = -h + 18. Let d be b(0). Let x(y) = -y**2 + 27*y - 27. Let l be x(d). Let o = l + -90. What is the units digit of o?
5
Suppose 4*x + 6*u - 7*u - 2431 = 0, -4*u = -5*x + 3047. What is the units digit of x?
7
Suppose -396 = -4*t + 264. What is the tens digit of t?
6
Let w(m) = -m**3 - 2*m**2 + 8*m + 3. Suppose 5*p - 3*t = p - 21, -27 = 5*p - 3*t. What is the tens digit of w(p)?
9
Let v be 5/3*(4 + -1). Suppose -v*n = -2 - 18. Suppose 0 = 2*q - 4, 2*o - n*q = 68 + 64. What is the units digit of o?
0
Suppose -4*j - 2439 = -5*z, -2*j + 2025 + 438 = 5*z. What is the units digit of z?
1
Let h(s) = 17*s**3 + 8*s**2 + 3*s - 3. Let z(p) = -6*p**3 - 3*p**2 - p + 1. Let b(c) = 3*h(c) + 8*z(c). What is the units digit of b(1)?
3
Let h(b) = -b**2 + 11*b + 54. Let c be h(14). Let t = 9 - 4. Suppose 2*o - c - 17 = -i, -3*i - 100 = -t*o. What is the units digit of o?
7
Suppose q - 3*c = 9, -5*q = -0*q + 5*c - 65. Let m = q - -43. What is the units digit of m?
5
Let h(s) = 10*s**3 - 19*s**2 - 10*s + 4. What is the thousands digit of h(8)?
3
Let l be 37/((-7 + 4)/3). Let c = -5 - l. What is the tens digit of c?
3
Suppose -8*d + 538 + 2494 = 0. What is the units digit of d?
9
Suppose 2*r - 4 - 4 = 0. Suppose -3*i - r*x + 583 + 156 = 0, 4*x + 731 = 3*i. What is the tens digit of (i/(-20))/(2/(-8))?
4
Let l(t) = -14 + 5*t + 29 + 34. What is the units digit of l(-9)?
4
Suppose 0 = 3*k - 2 + 8. Let s be (k/(-6))/(21/315). Suppose -37 + 132 = s*g. What is the units digit of g?
9
Let s be (1402 + -4)*(-1)/(-2). What is the units digit of s*(-1)/(-3)*(-9 - -10)?
3
Suppose 2*c + 3*c - 40 = 0. Suppose 726 = c*g - 98. What is the hundreds digit of g?
1
Let z be (36 - 9) + (-1 - -1). Let v be 22*1 - z/9. Suppose 4*n + v = 5*n. What is the tens digit of n?
1
Suppose 